(m) = 5*m**3 + 2*m**2 - 7*m - 8. Let y(i) = -4*i**3 - i**2 + 6*i + 7. Let f(l) = -5*u(l) - 6*y(l). Let k = 14 + -18. What is f(k)?
2
Let d(q) = 281*q**2 + 4*q**3 - 281*q**2 - 9*q**3 - 1. Calculate d(-1).
4
Suppose 0 = k + 2*k + 78. Let h be (-89)/(-13) + (-4)/k. Let o(m) = -m + 1. Determine o(h).
-6
Let q(h) be the second derivative of -h**5/20 + h**4/3 + h**3/3 + 2*h**2 + 8*h. Let v(u) = -u**3 + 6*u**2 + u - 2. Let l be v(6). What is q(l)?
12
Let i(a) = -5*a**3 - a - 1. Let t be i(-1). Suppose f - 16 = -t*y, -y - 2*f + 14 = 3*y. Suppose -5 = p - y. Let d(u) = u**3 + 2*u**2 + 3*u + 1. Calculate d(p).
-5
Let x(l) be the second derivative of -1/2*l**2 + 0 + 1/2*l**3 + 3*l. What is x(-2)?
-7
Let p(y) = -y**3 - 3*y**2 + 3*y + 2. Suppose 3*x + 9 = 2*k, x = -4*x - k - 2. Let w = 0 - x. Suppose -2*u - w - 5 = 0. Give p(u).
-7
Let o(q) be the third derivative of -q**4/24 - q**3/6 - 17*q**2. Calculate o(-4).
3
Let q(y) = -y**3 + 3 + 2 - 1 + 2*y - 6*y**2. What is q(-6)?
-8
Let t(z) = -z**2 - 3*z - 2. Let g(h) = h + 1. Let m(w) = -2*g(w) - t(w). Let n(i) = -4*i**3 - 8*i**2 - 5*i. Let x(l) = 6*m(l) + n(l). Determine x(1).
-5
Let m(f) = -17*f + 1 - 14*f + 25*f. What is m(-1)?
7
Let s = 20 - 15. Suppose 4*p + 1 = -s*y - 16, 3*y + 13 = -p. Let q(l) = -l**3 - l**2 + 1. Give q(p).
-11
Suppose 5*x - a + 41 = 9, 0 = -x + 4*a - 14. Let h(b) = 2*b + 4 + b**3 + 7*b**2 + 7*b - 2*b. Give h(x).
-2
Let u(i) be the first derivative of -9*i**2 - i - 7. Give u(-1).
17
Let n(d) = 1 + 0 - d + 6*d - 4. Let k(v) = 12*v - 11. Let i(z) = -18*z + 16. Let a(x) = -5*i(x) - 7*k(x). Let t(g) = 3*a(g) - 4*n(g). Give t(3).
-3
Let w(n) = -6*n**2 - 9 + 1 + 7 - n**2 + 2*n. Suppose 0 = -c + 5*r - 12, -15 = -4*c - 0*c - r. Let m = -2 + c. Calculate w(m).
-6
Suppose t = -q, 4*q = 3*q + 5*t + 6. Let f(g) = -8*g + 5 + 2*g + 3*g**2 - 2*g**2 + q. Give f(5).
1
Let n(q) = q**2 - 5*q + 4. Let s be n(4). Suppose j + j = s. Let i(g) = 2*g + 1. Let m(f) = -5*f - 12. Let y(p) = 2*i(p) + m(p). Calculate y(j).
-10
Let z(m) be the first derivative of -m**4/4 - m**2/2 + 2*m - 1. Suppose 2*i + 4*d - 15 = -3*i, 0 = -2*i + 2*d + 6. Suppose -i - 1 = -2*n. Determine z(n).
-8
Let s(k) = -k**3 + k**2 + k + 1. Let n(z) = 3*z**3 - 5*z**2 - 4*z - 2. Let g(v) = -n(v) - 2*s(v). Suppose 36 = 4*x + 4*f, 6*f - f = 3*x + 13. Give g(x).
-8
Let r(a) = -3*a**3 + 15*a**2 - 9*a + 29. Let i(f) = -f**3 + 5*f**2 - 3*f + 10. Let z(v) = -11*i(v) + 4*r(v). What is z(4)?
10
Suppose -k - 2*k - 5*y + 40 = 0, -5*y = 5*k - 50. Let n(i) = i**2 - 2*i - k*i + 7*i - 7. Suppose -6*j = -4*j. Determine n(j).
-7
Let p(r) = -r - 1. Let w(n) = 3*n + 2. Let d = 7 + -3. Let c(s) = d*w(s) + 11*p(s). What is c(4)?
1
Let u(r) = r + 1. Let b(l) = -l - 4. Let n be b(-8). What is u(n)?
5
Let l(p) = -3 + 2*p + p**2 + 5*p**2 + 2 + 2. Let r be l(-1). Let z(s) = -s**2 + 4*s + 6. What is z(r)?
1
Let j(p) = -p**2 + 5*p + 8. Suppose l = -3*l + 72. Suppose 6*m = 3*m + l. What is j(m)?
2
Let c(t) = -t**2 + 4*t - 13. Let g(a) = 2*a**2 - 9*a + 24. Let o(r) = 5*c(r) + 3*g(r). Determine o(5).
-3
Suppose 3*c - 8*k + 12*k - 10 = 0, 0 = -4*c - 4*k + 16. Let i(b) = -b**2 + 6*b - 3. What is i(c)?
-3
Let s(n) = -n**3 + 4*n**2 - n + 4. Let u(q) = -q**2 - 7*q - 6. Let p be u(-5). What is s(p)?
0
Let c(o) = -o**2 - 14*o + 22. Suppose 0 = 10*v - 0*v + 150. Determine c(v).
7
Let z(k) = -2*k - 17. Let t be z(-7). Let v(f) = -f**2 - 2*f - 1. Give v(t).
-4
Let h be 0 - 6/(-2 - 0). Let c(y) = -69 - 2*y**2 - 3*y + 67 + 2*y**2 + y**2. Determine c(h).
-2
Let c(f) = -f**2 + 5*f - 6. Let n(x) be the second derivative of x**5/20 + 11*x**4/12 - 2*x**3 + 2*x**2 + 3*x. Let q be n(-12). Calculate c(q).
-2
Suppose 0 = 2*a + 3*j - 21, 4*a - 19 = -3*j + 8. Let t(y) = y**3 - y**2 - 4*y + 2. What is t(a)?
8
Let b(i) be the first derivative of 2*i**3/3 + i**2/2 - i - 9. Determine b(-2).
5
Let q(c) = -14*c - 3. Let f(a) = 27*a + 6. Let l(b) = 6*f(b) + 11*q(b). Calculate l(-3).
-21
Suppose s - 7 = 4*d + 14, 5*s = -2*d + 17. Suppose 1 = 5*j + 3*u, u - 6 - 1 = s*j. Let l be j - (1 - -2)/(-1). Let i(t) = 2*t - 2. Calculate i(l).
2
Suppose -q - q = 6. Let c = -5 - -5. Let v(f) = -1 - f**3 + f + c*f + 2*f**2 + 0 - 5*f**2. What is v(q)?
-4
Let z(h) = h**2 - 5*h + 1. Let q(o) = -3*o**2 + 2*o**2 - 5*o**3 + 4*o**3 + 1. Let a be q(-1). Suppose f - a = 2*k, -4*f + f = -k - 13. Calculate z(f).
1
Let n(t) = -3*t**2 + 3*t - 2. Let c(i) = i**2 + 1. Let v(o) = 4*c(o) + n(o). Give v(-3).
2
Let d(n) be the third derivative of -n**6/120 - n**5/30 + n**4/6 + n**3/2 - 5*n**2. What is d(-2)?
-5
Let n(a) = -a**2 - a - 7. Let q = -49 + 49. Give n(q).
-7
Let l = 52 + -56. Let a(c) = -c**3 - 5*c**2 - 4*c + 5. Calculate a(l).
5
Let k(z) be the first derivative of 10*z - 1/2*z**2 - 2. Determine k(7).
3
Let n(f) be the second derivative of f**5/20 + f**4/2 - f**2/2 + 8*f. Suppose 10 = -3*p + 2*j, 2*p = 5*j - 2 + 10. Determine n(p).
-1
Let y(r) = -3*r**2 - 3*r + 5. Let i(j) be the first derivative of -2 + j**2 + 1/3*j**3 - 2*j. Let c(s) = 5*i(s) + 2*y(s). Give c(5).
-5
Let a(x) = x**3 + 6*x**2 - 7*x + 6. Let q(j) = -j**3 - 6*j**2 - 4*j - 2. Let z be q(-5). Determine a(z).
6
Let v(w) = -w**2 + 6*w + 10. Suppose -4*z - 4*i + 32 = 0, -i = 2*z - 0*i - 15. Calculate v(z).
3
Let d(c) = 5*c - 4*c - 6*c. Let h(t) = -t**3 - 4*t**2 - t + 1. Let x be h(-4). Suppose -x*u + 4 = 4*p, -3 = p - u - 4. Calculate d(p).
-5
Let w = 2 - -1. Suppose -w*z = z - 16. Let v(h) = h + 2. What is v(z)?
6
Let r(s) = s**2 + s - 22. Suppose 3*m = -5*b - 25, -m + b - 10 = 3*b. What is r(m)?
-22
Suppose -3*t = -4*y + y + 18, -3*y = 2*t + 2. Let m(h) = h**y + 4 - 6*h + 5 - 4 - 7. What is m(5)?
-7
Let t = 31 - 24. Let o(g) = g**3 - 6*g**2 - 7*g + 8. What is o(t)?
8
Let x(h) = -h**3 + h**2 + h. Let n(d) = -4*d**3 + 8*d**2 + 2*d + 1. Let p(b) = -n(b) + 3*x(b). Let g be (0 + 1)*5 + 0. Calculate p(g).
4
Let b(v) = -3*v. Suppose 14 = g + 5*l, 5 + 1 = 3*g + 3*l. What is b(g)?
3
Let j be 2/(-6) - (-20)/(-12). Suppose -3*w = -2*w - 2. Let x(o) = -w + 3*o**2 + 4*o + o - 3*o. Give x(j).
6
Let u(s) = -2*s**2 + 2*s + 1. Let c(i) = -i**2 + 2*i. Let b(q) = -3*c(q) + 2*u(q). Suppose -2*o - 1 - 7 = 0. Determine b(o).
-6
Let g(y) = 0*y - 5*y + 4*y + 0*y + 2. Determine g(3).
-1
Let m(j) = -j**2 - 13*j - 27. Let p be m(-9). Let r(f) = -f**3 + 10*f**2 - 7*f - 13. What is r(p)?
5
Let w be 5 + 1 + (4 - 4). Let s(p) = -p**3 + 7*p**2 - 5*p - 6. Calculate s(w).
0
Let z(y) = y**3 - 6*y**2 + 7*y. Let i = -28 - -33. Determine z(i).
10
Suppose 5*u = 5*k + 15, u = -3*u + 5*k + 15. Let w = -7 - -16. Suppose -3*d + u*d - w = 0. Let j(y) = y**2 + 4*y + 2. Calculate j(d).
-1
Let g(u) be the first derivative of -u**4/4 - u - 2. Suppose -3*j - 1 = -4. Determine g(j).
-2
Let w(m) be the second derivative of -1/60*m**5 + 1/24*m**4 + 1/120*m**6 + 2*m + 4/3*m**3 - m**2 + 0. Let x(r) be the first derivative of w(r). What is x(0)?
8
Let w(f) be the second derivative of 5*f**3/6 + f**2 + 4*f. Determine w(-2).
-8
Let v(t) be the second derivative of -1/2*t**2 + 0 - t - 1/3*t**3. Determine v(-3).
5
Let b(k) be the second derivative of k**3/6 + 5*k. What is b(-5)?
-5
Let x(r) be the second derivative of -r**4/3 + r**3/6 + 7*r**2/2 - 7*r. Let o(f) = -5*f**2 + f + 7. Let l(c) = 5*o(c) - 6*x(c). Calculate l(0).
-7
Let k = 15 - 14. Let o(u) = -k - 5*u - 8*u + 2 + 6*u. Calculate o(-1).
8
Let z be (-2 - (-5)/3)*-3. Suppose -2*w + z = -w. Let c(q) = 6*q. Determine c(w).
6
Let y(d) = 3*d + 1. Let l(j) = -j - 1. Let i(b) = 2*l(b) + y(b). Calculate i(0).
-1
Let r be (-1)/(-2) + 6/4. Let c(m) = -4*m**2 + 2*m**2 - 4*m + 2 + 0*m**r + m**2. What is c(-3)?
5
Let f = 2 - 3. Let i = f - -3. Let n(j) = -2*j**2 + 3*j + j**i - j. What is n(4)?
-8
Let r(z) be the second derivative of z**5/120 + 2*z**3/3 - 3*z. Let i(c) be the second derivative of r(c). Calculate i(0).
0
Let d(a) = 8 - 3*a**2 - a**2 - 6*a + 3*a**2 - a. What is d(-6)?
14
Let r(k) = -2*k + 4. Let c be r(9). Let b = -13 - c. Let p(j) = 6*j**2 + j. Calculate p(b).
7
Let u(k) = -k - 5. Let p be u(-4). Let n(g) = g**3 - 5*g**2 - 5*g - 2. Let x be n(6). Let d(t) = -3*t**2 + x*t + 3*t + 4*t**2 - 6*t + 1. Give d(p).
1
Let r(z) be the second derivative of 0*z**3 - 11*z - 2*z**2 + 0 + 1/6*z**4. What is r(-3)?
14
Let j(u) = 14*u**3 + 15*u**2 + 4*u - 26. Let l(c) = -5*c**